{"id":618,"date":"2026-04-11T16:41:14","date_gmt":"2026-04-11T16:41:14","guid":{"rendered":"https:\/\/orientlook.com\/?post_type=product&#038;p=618"},"modified":"2026-04-11T16:41:14","modified_gmt":"2026-04-11T16:41:14","slug":"abaya-robe-hijab-a-manches-sulfpour-femme-tenue-maxi-decontractee-style-musulman-vintage-couleur-unie-dubai-turquie-automne","status":"publish","type":"product","link":"https:\/\/orientlook.com\/index.php\/product\/abaya-robe-hijab-a-manches-sulfpour-femme-tenue-maxi-decontractee-style-musulman-vintage-couleur-unie-dubai-turquie-automne\/","title":{"rendered":"Abaya-Robe Hijab \u00e0 Manches sulfpour Femme, Tenue Maxi D\u00e9contract\u00e9e, Style Musulman, Vintage, Couleur Unie, Duba\u00ef, Turquie, Automne"},"content":{"rendered":"<div class=\"detailmodule_html\">\n<div class=\"detail-desc-decorate-richtext\">\n<div class=\"ee_box zhedie\" style=\"border: 0px solid #cc0033; margin: 3px auto 3px auto; height: auto;\">\n<p id=\"tl_1\" style=\"font-size: 0px; overflow: hidden; width: 1px; height: 0px;\">[Xlmodel]-[produits]-[8888]<\/p>\n<\/div>\n<div id=\"ee_boxPhoto1\" class=\"ee_box zhedie\" style=\"border: 0px solid #ff9933; margin: 3px auto 3px auto; height: auto;\">\n<div class=\"ee_box_content ui-sortable\" style=\"text-align: center; padding: 5px; display: block; overflow: visible; height: auto;\" align=\"center\">\n<p class=\"detailp\" style=\"font-size: 0px; padding: 0px;\"><img decoding=\"async\" src=\"https:\/\/ae01.alicdn.com\/kf\/Sd3c8a966ac48473fbe7f12428503d1e1r.jpg\" \/><\/p>\n<p class=\"detailp\" style=\"font-size: 0px; padding: 0px;\">\u00c2\u00a0<\/p>\n<p class=\"detailp\" style=\"font-size: 0px; padding: 0px;\"><img decoding=\"async\" src=\"https:\/\/ae01.alicdn.com\/kf\/S12e53b8a95e3483bb3d76f1efdce0903e.jpg\" \/><\/p>\n<p class=\"detailp\" style=\"font-size: 0px; padding: 0px;\"><img decoding=\"async\" src=\"https:\/\/ae01.alicdn.com\/kf\/Sca85050dbd184437881e0c21f631f49dL.jpg\" \/><\/p>\n<p class=\"detailp\" style=\"font-size: 0px; padding: 0px;\"><img decoding=\"async\" src=\"https:\/\/ae01.alicdn.com\/kf\/S0f887bf4d7f6447498b8520ba523b386l.jpg\" \/><\/p>\n<p class=\"detailp\" style=\"font-size: 0px; padding: 0px;\"><img decoding=\"async\" src=\"https:\/\/ae01.alicdn.com\/kf\/Sb48f998e740648558629961a056b76b6b.jpg\" \/><\/p>\n<p class=\"detailp\" style=\"font-size: 0px; padding: 0px;\"><img decoding=\"async\" src=\"https:\/\/ae01.alicdn.com\/kf\/S92afd0d173c34f46a4ba9c24cdf589bas.jpg\" \/><\/p>\n<p class=\"detailp\" style=\"font-size: 0px; padding: 0px;\"><img decoding=\"async\" src=\"https:\/\/ae01.alicdn.com\/kf\/S2f54c3d593b04f1b9f56d344cc736297S.jpg\" \/><\/p>\n<p class=\"detailp\" style=\"font-size: 0px; padding: 0px;\"><img decoding=\"async\" src=\"https:\/\/ae01.alicdn.com\/kf\/S114f9a8c0b1b4ee89085f4544e55a18fV.jpg\" \/><\/p>\n<p class=\"detailp\" style=\"font-size: 0px; padding: 0px;\"><img decoding=\"async\" src=\"https:\/\/ae01.alicdn.com\/kf\/S48e2972355fd4ac480fb7198496c97a2v.jpg\" \/><\/p>\n<p class=\"detailp\" style=\"font-size: 0px; padding: 0px;\"><img decoding=\"async\" src=\"https:\/\/ae01.alicdn.com\/kf\/S50eaf67390f64afeb89161b3caa84609v.jpg\" \/><\/p>\n<p class=\"detailp\" style=\"font-size: 0px; padding: 0px;\"><img decoding=\"async\" src=\"https:\/\/ae01.alicdn.com\/kf\/S5cef9212b69b434e96723db936bdf3aak.jpg\" \/><\/p>\n<p class=\"detailp\" style=\"font-size: 0px; padding: 0px;\"><img decoding=\"async\" src=\"https:\/\/ae01.alicdn.com\/kf\/Sf356c40c138348df87cd2c91cf73aa00J.jpg\" \/><\/p>\n<p class=\"detailp\" style=\"font-size: 0px; padding: 0px;\">\u00c2\u00a0<\/p>\n<\/div>\n<\/div>\n<p>\u00c2\u00a0<\/p>\n<\/div>\n<\/div>\n<p><img decoding=\"async\" class=\"img-responsive\" src=\"\/\/ae01.alicdn.com\/kf\/Sd3c8a966ac48473fbe7f12428503d1e1r.jpg\" \/><img decoding=\"async\" class=\"img-responsive\" src=\"\/\/ae01.alicdn.com\/kf\/S12e53b8a95e3483bb3d76f1efdce0903e.jpg\" \/><img decoding=\"async\" class=\"img-responsive\" src=\"\/\/ae01.alicdn.com\/kf\/Sca85050dbd184437881e0c21f631f49dL.jpg\" \/><img decoding=\"async\" class=\"img-responsive\" src=\"\/\/ae01.alicdn.com\/kf\/S0f887bf4d7f6447498b8520ba523b386l.jpg\" \/><img decoding=\"async\" class=\"img-responsive\" src=\"\/\/ae01.alicdn.com\/kf\/Sb48f998e740648558629961a056b76b6b.jpg\" \/><img decoding=\"async\" class=\"img-responsive\" src=\"\/\/ae01.alicdn.com\/kf\/S92afd0d173c34f46a4ba9c24cdf589bas.jpg\" \/><img decoding=\"async\" class=\"img-responsive\" src=\"\/\/ae01.alicdn.com\/kf\/S2f54c3d593b04f1b9f56d344cc736297S.jpg\" \/><img decoding=\"async\" class=\"img-responsive\" src=\"\/\/ae01.alicdn.com\/kf\/S114f9a8c0b1b4ee89085f4544e55a18fV.jpg\" \/><img decoding=\"async\" class=\"img-responsive\" src=\"\/\/ae01.alicdn.com\/kf\/S48e2972355fd4ac480fb7198496c97a2v.jpg\" \/><img decoding=\"async\" class=\"img-responsive\" src=\"\/\/ae01.alicdn.com\/kf\/S50eaf67390f64afeb89161b3caa84609v.jpg\" \/><img decoding=\"async\" class=\"img-responsive\" src=\"\/\/ae01.alicdn.com\/kf\/S5cef9212b69b434e96723db936bdf3aak.jpg\" \/><img decoding=\"async\" class=\"img-responsive\" src=\"\/\/ae01.alicdn.com\/kf\/Sf356c40c138348df87cd2c91cf73aa00J.jpg\" \/><\/p><\/p>\n","protected":false},"excerpt":{"rendered":"<p>[Xlmodel]-[produits]-[8888] \u00c2\u00a0 \u00c2\u00a0 \u00c2\u00a0<\/p>\n","protected":false},"featured_media":619,"comment_status":"open","ping_status":"closed","template":"","meta":[],"product_brand":[],"product_cat":[],"product_tag":[],"class_list":{"0":"post-618","1":"product","2":"type-product","3":"status-publish","4":"has-post-thumbnail","6":"pa_couleur-black","7":"pa_couleur-purple","8":"pa_couleur-khaki-color","9":"pa_taille-s","10":"pa_taille-l","11":"pa_taille-m","12":"pa_taille-xxl","13":"pa_taille-xl","14":"pa_taille-xxxl","15":"pa_taille-4xl","16":"pa_taille-5xl","18":"first","19":"instock","20":"shipping-taxable","21":"purchasable","22":"product-type-variable"},"_links":{"self":[{"href":"https:\/\/orientlook.com\/index.php\/wp-json\/wp\/v2\/product\/618","targetHints":{"allow":["GET"]}}],"collection":[{"href":"https:\/\/orientlook.com\/index.php\/wp-json\/wp\/v2\/product"}],"about":[{"href":"https:\/\/orientlook.com\/index.php\/wp-json\/wp\/v2\/types\/product"}],"replies":[{"embeddable":true,"href":"https:\/\/orientlook.com\/index.php\/wp-json\/wp\/v2\/comments?post=618"}],"wp:featuredmedia":[{"embeddable":true,"href":"https:\/\/orientlook.com\/index.php\/wp-json\/wp\/v2\/media\/619"}],"wp:attachment":[{"href":"https:\/\/orientlook.com\/index.php\/wp-json\/wp\/v2\/media?parent=618"}],"wp:term":[{"taxonomy":"product_brand","embeddable":true,"href":"https:\/\/orientlook.com\/index.php\/wp-json\/wp\/v2\/product_brand?post=618"},{"taxonomy":"product_cat","embeddable":true,"href":"https:\/\/orientlook.com\/index.php\/wp-json\/wp\/v2\/product_cat?post=618"},{"taxonomy":"product_tag","embeddable":true,"href":"https:\/\/orientlook.com\/index.php\/wp-json\/wp\/v2\/product_tag?post=618"}],"curies":[{"name":"wp","href":"https:\/\/api.w.org\/{rel}","templated":true}]}}