{"id":504,"date":"2026-04-11T16:37:38","date_gmt":"2026-04-11T16:37:38","guid":{"rendered":"https:\/\/orientlook.com\/?post_type=product&#038;p=504"},"modified":"2026-04-11T16:37:38","modified_gmt":"2026-04-11T16:37:38","slug":"classique-islam-femmes-pret-a-porter-snap-fastener-hijabs-pour-femme-couverture-complete-bandeau-echarpe-turban-casquettes-turbante-mujer","status":"publish","type":"product","link":"https:\/\/orientlook.com\/index.php\/product\/classique-islam-femmes-pret-a-porter-snap-fastener-hijabs-pour-femme-couverture-complete-bandeau-echarpe-turban-casquettes-turbante-mujer\/","title":{"rendered":"Classique Islam femmes pr\u00eat \u00e0 porter Snap Fastener Hijabs pour femme couverture compl\u00e8te bandeau \u00e9charpe Turban casquettes Turbante Mujer"},"content":{"rendered":"<div class=\"detailmodule_html\">\n<div class=\"detail-desc-decorate-richtext\">\n<div id=\"dxbglyxpre\" name=\"dxbglyxpre\" style=\"text-align:center\" class=\"dxbglyxpre\" align=\"center\">\n <img decoding=\"async\" src=\"https:\/\/ae01.alicdn.com\/kf\/Sabcffc85b3ea469f9c21dc83bf4cf1f5F.jpg\" slate-data-type=\"image\" \/><br \/>\n <img decoding=\"async\" src=\"https:\/\/ae01.alicdn.com\/kf\/S4d7c21276e794cd68cd3add604314a0aj.jpg\" slate-data-type=\"image\" \/><\/p>\n<map name=\"u79zGoRar8Fmh7pJU7A3Ip8UBzZfA60G\">\n<area shape=\"rect\" coords=\"12,210,232,530\" target=\"_blank\" href=\"https:\/\/www.aliexpress.com\/item\/1005005439851795.html\"><\/area>\n<area shape=\"rect\" coords=\"245,210,465,530\" target=\"_blank\" href=\"https:\/\/www.aliexpress.com\/item\/1005004295453158.html\"><\/area>\n<area shape=\"rect\" coords=\"478,210,698,530\" target=\"_blank\" href=\"https:\/\/www.aliexpress.com\/item\/1005004864767495.html\"><\/area>\n<area shape=\"rect\" coords=\"711,210,931,530\" target=\"_blank\" href=\"https:\/\/www.aliexpress.com\/item\/1005004863268717.html\"><\/area>\n<area shape=\"rect\" coords=\"12,543,232,863\" target=\"_blank\" href=\"https:\/\/www.aliexpress.com\/item\/1005004532000552.html\"><\/area>\n<area shape=\"rect\" coords=\"245,543,465,863\" target=\"_blank\" href=\"https:\/\/www.aliexpress.com\/item\/1005004589312242.html\"><\/area>\n<area shape=\"rect\" coords=\"478,543,698,863\" target=\"_blank\" href=\"https:\/\/www.aliexpress.com\/item\/1005005427531327.html\"><\/area>\n<area shape=\"rect\" coords=\"711,543,931,863\" target=\"_blank\" href=\"https:\/\/www.aliexpress.com\/item\/1005005601539624.html\"><\/area>\n<\/map>\n<\/div>\n<p style=\"text-align:center\" align=\"center\"><img decoding=\"async\" src=\"https:\/\/ae01.alicdn.com\/kf\/Sf33e16cda37643468ee5d4c04c50048fo.jpg\" slate-data-type=\"image\" \/><img decoding=\"async\" src=\"https:\/\/ae01.alicdn.com\/kf\/S78d9c47425d14b619d90dcfb8bdebedcs.jpg\" slate-data-type=\"image\" \/><img decoding=\"async\" src=\"https:\/\/ae01.alicdn.com\/kf\/Sb204ceb218eb40c284e552c379c61f81w.jpg\" slate-data-type=\"image\" \/><img decoding=\"async\" src=\"https:\/\/ae01.alicdn.com\/kf\/Sb1ab0d0d188c47f3a9fd915c8bc3821d6.jpg\" slate-data-type=\"image\" \/><img decoding=\"async\" src=\"https:\/\/ae01.alicdn.com\/kf\/S7f644c46161145669a87c903105f5fc6V.jpg\" slate-data-type=\"image\" \/><img decoding=\"async\" src=\"https:\/\/ae01.alicdn.com\/kf\/Sec4d2efa3c214ab097800848bb5a0be3p.jpg\" slate-data-type=\"image\" \/><img decoding=\"async\" src=\"https:\/\/ae01.alicdn.com\/kf\/Sd2172a6fe2464ddfb43017983bf853282.jpg\" slate-data-type=\"image\" \/><img decoding=\"async\" src=\"https:\/\/ae01.alicdn.com\/kf\/S0245cd65bf0f491399a726779383fd0bH.jpg\" slate-data-type=\"image\" \/><img decoding=\"async\" src=\"https:\/\/ae01.alicdn.com\/kf\/Sa4cd05d628b54e00af06eb1179d386f4k.jpg\" slate-data-type=\"image\" \/><img decoding=\"async\" src=\"https:\/\/ae01.alicdn.com\/kf\/S7ce65ae7cbfc4420aac4714a0d4eecff7.jpg\" slate-data-type=\"image\" \/><img decoding=\"async\" src=\"https:\/\/ae01.alicdn.com\/kf\/S30f0c5d67b3142098bc723a0e91c355bn.jpg\" slate-data-type=\"image\" \/><img decoding=\"async\" src=\"https:\/\/ae01.alicdn.com\/kf\/Se31b1a19be3a4023b1fd58cfc3250dccj.jpg\" slate-data-type=\"image\" \/><img decoding=\"async\" src=\"https:\/\/ae01.alicdn.com\/kf\/S4fef04649ee142d6ac72dcda74b1e65bB.jpg\" slate-data-type=\"image\" \/><img decoding=\"async\" src=\"https:\/\/ae01.alicdn.com\/kf\/S7989a4a02c9b464ebe1e38f49f3bec13b.jpg\" slate-data-type=\"image\" \/><img decoding=\"async\" src=\"https:\/\/ae01.alicdn.com\/kf\/S7a4b94301e574fdca4c0a0c9511f5cf00.jpg\" slate-data-type=\"image\" \/><img decoding=\"async\" src=\"https:\/\/ae01.alicdn.com\/kf\/See8945d9203045f39819d4aae2dba190s.jpg\" slate-data-type=\"image\" \/><img decoding=\"async\" src=\"https:\/\/ae01.alicdn.com\/kf\/S5773ca2e81bf41d5bcd28216bf747869M.jpg\" slate-data-type=\"image\" \/><\/p>\n<p><\/p>\n<\/div>\n<\/div>\n<p><img decoding=\"async\" class=\"img-responsive\" src=\"\/\/ae01.alicdn.com\/kf\/Sabcffc85b3ea469f9c21dc83bf4cf1f5F.jpg?has_lang=1&#038;ver=1\"\/><img decoding=\"async\" class=\"img-responsive\" src=\"\/\/ae01.alicdn.com\/kf\/S4d7c21276e794cd68cd3add604314a0aj.jpg?has_lang=1&#038;ver=1\"\/><img decoding=\"async\" class=\"img-responsive\" src=\"\/\/ae01.alicdn.com\/kf\/Sf33e16cda37643468ee5d4c04c50048fo.jpg\"\/><img decoding=\"async\" class=\"img-responsive\" src=\"\/\/ae01.alicdn.com\/kf\/S78d9c47425d14b619d90dcfb8bdebedcs.jpg?has_lang=1&#038;ver=1\"\/><img decoding=\"async\" class=\"img-responsive\" src=\"\/\/ae01.alicdn.com\/kf\/Sb204ceb218eb40c284e552c379c61f81w.jpg?has_lang=1&#038;ver=1\"\/><img decoding=\"async\" class=\"img-responsive\" src=\"\/\/ae01.alicdn.com\/kf\/Sb1ab0d0d188c47f3a9fd915c8bc3821d6.jpg?has_lang=1&#038;ver=1\"\/><img decoding=\"async\" class=\"img-responsive\" src=\"\/\/ae01.alicdn.com\/kf\/Sd2172a6fe2464ddfb43017983bf853282.jpg\"\/><img decoding=\"async\" class=\"img-responsive\" src=\"\/\/ae01.alicdn.com\/kf\/Sa4cd05d628b54e00af06eb1179d386f4k.jpg\"\/><img decoding=\"async\" class=\"img-responsive\" src=\"\/\/ae01.alicdn.com\/kf\/S7ce65ae7cbfc4420aac4714a0d4eecff7.jpg\"\/><img decoding=\"async\" class=\"img-responsive\" src=\"\/\/ae01.alicdn.com\/kf\/S30f0c5d67b3142098bc723a0e91c355bn.jpg\"\/><\/p>\n","protected":false},"excerpt":{"rendered":"","protected":false},"featured_media":505,"comment_status":"open","ping_status":"closed","template":"","meta":[],"product_brand":[],"product_cat":[],"product_tag":[],"class_list":{"0":"post-504","1":"product","2":"type-product","3":"status-publish","4":"has-post-thumbnail","6":"pa_couleur-black","7":"pa_couleur-white","8":"pa_couleur-purple","9":"pa_couleur-skin-powder","10":"pa_couleur-dark-grey","11":"pa_couleur-light-khaki","12":"pa_couleur-navy-blue","13":"pa_couleur-beige","15":"first","16":"instock","17":"shipping-taxable","18":"purchasable","19":"product-type-variable"},"_links":{"self":[{"href":"https:\/\/orientlook.com\/index.php\/wp-json\/wp\/v2\/product\/504","targetHints":{"allow":["GET"]}}],"collection":[{"href":"https:\/\/orientlook.com\/index.php\/wp-json\/wp\/v2\/product"}],"about":[{"href":"https:\/\/orientlook.com\/index.php\/wp-json\/wp\/v2\/types\/product"}],"replies":[{"embeddable":true,"href":"https:\/\/orientlook.com\/index.php\/wp-json\/wp\/v2\/comments?post=504"}],"wp:featuredmedia":[{"embeddable":true,"href":"https:\/\/orientlook.com\/index.php\/wp-json\/wp\/v2\/media\/505"}],"wp:attachment":[{"href":"https:\/\/orientlook.com\/index.php\/wp-json\/wp\/v2\/media?parent=504"}],"wp:term":[{"taxonomy":"product_brand","embeddable":true,"href":"https:\/\/orientlook.com\/index.php\/wp-json\/wp\/v2\/product_brand?post=504"},{"taxonomy":"product_cat","embeddable":true,"href":"https:\/\/orientlook.com\/index.php\/wp-json\/wp\/v2\/product_cat?post=504"},{"taxonomy":"product_tag","embeddable":true,"href":"https:\/\/orientlook.com\/index.php\/wp-json\/wp\/v2\/product_tag?post=504"}],"curies":[{"name":"wp","href":"https:\/\/api.w.org\/{rel}","templated":true}]}}