{"id":202,"date":"2026-04-11T16:28:48","date_gmt":"2026-04-11T16:28:48","guid":{"rendered":"https:\/\/orientlook.com\/?post_type=product&#038;p=202"},"modified":"2026-04-11T16:28:48","modified_gmt":"2026-04-11T16:28:48","slug":"ensemble-deux-pieces-pour-femmes-musulmanes-chemisier-a-manches-sulf-pantalon-a-jambes-larges-abaya-modeste-dubai-turquie-costumes-aniques-survetement-decontracte","status":"publish","type":"product","link":"https:\/\/orientlook.com\/index.php\/product\/ensemble-deux-pieces-pour-femmes-musulmanes-chemisier-a-manches-sulf-pantalon-a-jambes-larges-abaya-modeste-dubai-turquie-costumes-aniques-survetement-decontracte\/","title":{"rendered":"Ensemble Deux Pi\u00e8ces pour Femmes Musulmanes, Chemisier \u00e0 Manches sulf, Pantalon \u00e0 Jambes Larges, Abaya Modeste, Duba\u00ef, Turquie, Costumes aniques, Surv\u00eatement D\u00e9contract\u00e9"},"content":{"rendered":"<div class=\"detailmodule_html\">\n<div class=\"detail-desc-decorate-richtext\">\n<div>\n<p><img decoding=\"async\" src=\"https:\/\/ae01.alicdn.com\/kf\/S03a1cea2d6b24c6d91de0a2bdd7dfe5as.jpg\" \/><br \/><img decoding=\"async\" src=\"https:\/\/ae01.alicdn.com\/kf\/S6a4022afaaf8478ca0d4e48096ea8661d.jpg\" \/><br \/><img decoding=\"async\" src=\"https:\/\/ae01.alicdn.com\/kf\/Sbd52842b00e5449083a40e802a5e5e087.jpg\" \/><br \/><img decoding=\"async\" src=\"https:\/\/ae01.alicdn.com\/kf\/Sb78b2fcc1bb943e78a5381b01eea8ba6o.jpg\" \/><br \/><img decoding=\"async\" src=\"https:\/\/ae01.alicdn.com\/kf\/S7d162b7486e446e0a80d219df592b405E.jpg\" \/><br \/><img decoding=\"async\" src=\"https:\/\/ae01.alicdn.com\/kf\/Sfdd9e3f5928940f89ca2302b825cbaa8b.jpg\" \/><br \/><img decoding=\"async\" src=\"https:\/\/ae01.alicdn.com\/kf\/S6af9e3a96a044395bd817b7a0916505bZ.jpg\" \/><br \/><img decoding=\"async\" src=\"https:\/\/ae01.alicdn.com\/kf\/Sd72c39932a664615a31ceb2316c3f3071.jpg\" \/><br \/><img decoding=\"async\" src=\"https:\/\/ae01.alicdn.com\/kf\/S0b2ebd36c67745d8a78ac16d42f977baH.jpg\" \/><br \/><img decoding=\"async\" src=\"https:\/\/ae01.alicdn.com\/kf\/S17396e37cdc048a8a4c8b01bdb1c9386l.jpg\" \/><br \/><img decoding=\"async\" src=\"https:\/\/ae01.alicdn.com\/kf\/S5ca5a759e79d4cabb1a8b26b46b4d7cex.jpg\" \/><br \/><img decoding=\"async\" src=\"https:\/\/ae01.alicdn.com\/kf\/S0cd3c69fa13a48d89db5025bbb95a4804.jpg\" \/><br \/><img decoding=\"async\" src=\"https:\/\/ae01.alicdn.com\/kf\/Sf4b747e61d3746bb9ee32d8721480ae3W.jpg\" \/><\/p>\n<p>\u00c2\u00a0<\/p>\n<\/div>\n<p>\u00c2\u00a0<\/p>\n<\/div>\n<\/div>\n<p><img decoding=\"async\" class=\"img-responsive\" src=\"\/\/ae01.alicdn.com\/kf\/S03a1cea2d6b24c6d91de0a2bdd7dfe5as.jpg\" \/><img decoding=\"async\" class=\"img-responsive\" src=\"\/\/ae01.alicdn.com\/kf\/Sfdd9e3f5928940f89ca2302b825cbaa8b.jpg\" \/><img decoding=\"async\" class=\"img-responsive\" src=\"\/\/ae01.alicdn.com\/kf\/S6af9e3a96a044395bd817b7a0916505bZ.jpg\" \/><img decoding=\"async\" class=\"img-responsive\" src=\"\/\/ae01.alicdn.com\/kf\/Sd72c39932a664615a31ceb2316c3f3071.jpg\" \/><img decoding=\"async\" class=\"img-responsive\" src=\"\/\/ae01.alicdn.com\/kf\/S17396e37cdc048a8a4c8b01bdb1c9386l.jpg\" \/><img decoding=\"async\" class=\"img-responsive\" src=\"\/\/ae01.alicdn.com\/kf\/S5ca5a759e79d4cabb1a8b26b46b4d7cex.jpg\" \/><img decoding=\"async\" class=\"img-responsive\" src=\"\/\/ae01.alicdn.com\/kf\/S0cd3c69fa13a48d89db5025bbb95a4804.jpg\" \/><img decoding=\"async\" class=\"img-responsive\" src=\"\/\/ae01.alicdn.com\/kf\/Sf4b747e61d3746bb9ee32d8721480ae3W.jpg\" \/><\/p><\/p>\n","protected":false},"excerpt":{"rendered":"<p>\u00c2\u00a0 \u00c2\u00a0<\/p>\n","protected":false},"featured_media":203,"comment_status":"open","ping_status":"closed","template":"","meta":[],"product_brand":[],"product_cat":[],"product_tag":[],"class_list":{"0":"post-202","1":"product","2":"type-product","3":"status-publish","4":"has-post-thumbnail","6":"pa_couleur-khaki","7":"pa_couleur-reddish","8":"pa_couleur-black","9":"pa_couleur-darkblue","10":"pa_taille-s","11":"pa_taille-l","12":"pa_taille-m","13":"pa_taille-xxl","14":"pa_taille-xl","15":"pa_taille-xxxl","17":"first","18":"instock","19":"shipping-taxable","20":"purchasable","21":"product-type-variable"},"_links":{"self":[{"href":"https:\/\/orientlook.com\/index.php\/wp-json\/wp\/v2\/product\/202","targetHints":{"allow":["GET"]}}],"collection":[{"href":"https:\/\/orientlook.com\/index.php\/wp-json\/wp\/v2\/product"}],"about":[{"href":"https:\/\/orientlook.com\/index.php\/wp-json\/wp\/v2\/types\/product"}],"replies":[{"embeddable":true,"href":"https:\/\/orientlook.com\/index.php\/wp-json\/wp\/v2\/comments?post=202"}],"wp:featuredmedia":[{"embeddable":true,"href":"https:\/\/orientlook.com\/index.php\/wp-json\/wp\/v2\/media\/203"}],"wp:attachment":[{"href":"https:\/\/orientlook.com\/index.php\/wp-json\/wp\/v2\/media?parent=202"}],"wp:term":[{"taxonomy":"product_brand","embeddable":true,"href":"https:\/\/orientlook.com\/index.php\/wp-json\/wp\/v2\/product_brand?post=202"},{"taxonomy":"product_cat","embeddable":true,"href":"https:\/\/orientlook.com\/index.php\/wp-json\/wp\/v2\/product_cat?post=202"},{"taxonomy":"product_tag","embeddable":true,"href":"https:\/\/orientlook.com\/index.php\/wp-json\/wp\/v2\/product_tag?post=202"}],"curies":[{"name":"wp","href":"https:\/\/api.w.org\/{rel}","templated":true}]}}